 when 31 is divided by 10 + -1*f/(-2).
9
Suppose 0 = -3*d - 2*t + 6*t + 16, 0 = -3*d + 3*t + 15. Let u = 1 + d. Suppose -32 = -u*q + 3*q. What is the remainder when 30 is divided by q?
14
Let k(i) = 4*i + 2. Let c(l) be the first derivative of l**3/3 - 5*l**2 + 18*l + 5. What is the remainder when c(9) is divided by k(1)?
3
Let y(o) = -o**3 + 44. What is the remainder when 1008 is divided by y(0)?
40
Suppose -5*w + 14 = 5*h - 1, -4*w + 24 = -2*h. Let v(n) = -n**3 - 11*n**2 - 20*n + 4. What is the remainder when v(-9) is divided by w?
2
Let j = -55 + -5. What is the remainder when (-18)/(-6) - (3 + j) is divided by 21?
18
What is the remainder when (1176/96)/(1/20) is divided by 31?
28
Let b be 54/(-10) + 2/5. Let l = b + 6. Suppose 0 = 4*s - 0*r + 5*r - 9, -r = -2*s + 1. Calculate the remainder when s is divided by l.
0
Suppose 5*t - 4*k = 4263 + 2602, -3*t + k = -4126. What is the remainder when t is divided by 15?
12
Let u(f) = -8*f + 4. Suppose m + 4*n = 135, -611 = m + n - 728. Calculate the remainder when m is divided by u(-3).
27
Suppose 22 = 49*d - 47*d. Suppose 0*u - 200 = 5*u. Let k = 71 + u. Calculate the remainder when k is divided by d.
9
Suppose -5*q + 13*g = 17*g - 770, -5*q + 5*g + 815 = 0. Calculate the remainder when q is divided by 20.
18
Let s(i) = i**2 + 3*i - 14. Let u be s(3). Suppose -2*z - 5 = -z, -u*z = -2*g + 94. What is the remainder when g is divided by 8?
5
Let p be 2121/49 + 2/(-7). Let i = p + -24. Calculate the remainder when i is divided by 7.
5
Let z(c) = -5*c - 71. Let l(a) = a + 14. Let w(k) = 11*l(k) + 2*z(k). Let v = 9 + 104. What is the remainder when v is divided by w(11)?
21
Let v = 72 + -104. Let x = 45 + v. What is the remainder when 1/((1 - -1)/76) is divided by x?
12
Suppose 5*l - 24 - 1 = 0. Suppose -d + 7 = -l*y, -d + 3*d + 5*y - 44 = 0. Calculate the remainder when d is divided by 3.
2
Let w be 5/(-1) - -2 - -27. Let g = 27 - w. Suppose -g*o + 4*o = 33. Calculate the remainder when 63 is divided by o.
30
Let k be (-5)/((-5)/3)*1. Suppose k*n = 23 + 10. Let v(s) = 2*s + 1. What is the remainder when n is divided by v(3)?
4
Let t be (-2 - -4) + 11*2. Suppose 3*a - 5*m + 62 = 0, -5*a + 8 = -3*m + 90. Let d = t + a. What is the remainder when 28 is divided by d?
8
Let k(r) = r**3 + 5*r**2 - 56*r - 13. Calculate the remainder when k(6) is divided by 64/6*(-6)/(-4).
15
Let l = 447 + -416. What is the remainder when 151 is divided by l?
27
Let s(l) = -117*l + 165. Calculate the remainder when s(-1) is divided by 50.
32
Suppose 2*g = -b + 288, -3*b + 843 = -15*g + 14*g. What is the remainder when b is divided by 67?
14
Suppose 0 = 5*y + 10, -222 = -4*p + y + 100. Suppose 0 = z + 4*z - p. What is the remainder when 45 is divided by z?
13
Let w(y) = 4*y - 1 - 3*y - 11*y**2 + 34*y**2. Suppose -5*k + 35 = o - 11, 4*o - 5*k = 284. What is the remainder when o is divided by w(1)?
20
Suppose 552 = 16*w + 7*w. Calculate the remainder when 599 is divided by w.
23
Let n = 958 - 934. What is the remainder when n is divided by 5?
4
Suppose -4*d = 3*w - 24, -4*w = d + w + 11. Calculate the remainder when 22 is divided by d.
4
Suppose 66 = 2*u - 2. What is the remainder when 31/(403/(-182)) + 216 is divided by u?
32
Let w = 304 - 165. Let a = -40 + w. What is the remainder when a is divided by (-2)/1 + (22 - -5)?
24
Let w(v) = -v**3 + 8*v**2 - 3. Let g be w(8). Let s(o) = -19*o - 2. Calculate the remainder when s(g) is divided by 15.
10
Suppose 5*n = 2*v - 35, -4*n - 3*v - 2*v = 61. Let g = 31 + n. What is the remainder when g is divided by 5?
2
Suppose 5*v - 12 = 2*v. Let d = 2 + v. Suppose 0 = 3*g + 2*o - 59 + 21, 4*g - 3*o - 79 = 0. What is the remainder when g is divided by d?
4
Let w = 927 + -36. What is the remainder when w is divided by 19?
17
Suppose 2*x - 4 = 14. What is the remainder when 366 is divided by x?
6
Let j be (-102)/(-5*(-4)/40). Let o = 303 + j. Calculate the remainder when o is divided by 52.
47
Let c be 7/(35/15) + -1. Suppose k - 3*g = 5*k - 67, 0 = 5*k + c*g - 89. What is the remainder when 93 is divided by k?
17
What is the remainder when 128 is divided by (-6)/(-16) - (-5247)/88?
8
Let i be (-16)/(-2) + 10/(-5) + -2. Suppose -l - 17 = -2*l + 2*s, -i*s - 47 = -3*l. Calculate the remainder when 49 is divided by l.
10
Suppose -55*k = -3237 - 118. What is the remainder when 187 is divided by k?
4
Let t be 77 + (-2)/(3 + -5). Let h = 149 - t. What is the remainder when h is divided by 9?
8
Suppose 3*s + 4*q = 8, -14 = s - 2*q - 0*q. Let y = 6 + s. Suppose -5*o - 21 = -66. Calculate the remainder when o is divided by y.
1
Let h be ((-6)/(-5))/(3/(-210)). Let v = h - -45. Let i = v - -67. What is the remainder when i is divided by 15?
13
Let d(j) = -j**3 + 5*j**2 + 2*j - 1. Let h(q) = -q**2 + 31*q - 175. Calculate the remainder when h(10) is divided by d(5).
8
Calculate the remainder when -1 + (117 - -2) + -7 is divided by 31.
18
Let c = 8 - 33. Calculate the remainder when (-1*c/(-4))/(5/(-40)) is divided by 13.
11
Let u(k) = 8*k + 31. Let q(c) = -4*c - 15. Let v(g) = 5*q(g) + 2*u(g). Suppose 0 = h - 61 + 46. Calculate the remainder when v(-10) is divided by h.
12
Let s(w) = 7*w**2 - 2*w - 2. Calculate the remainder when s(2) is divided by 90/24 + (-1)/(-4).
2
Let f = -26 + 57. Suppose -4*y + 3*r + 36 = -r, r = 5*y - 57. What is the remainder when f is divided by y?
7
Let h = 12 - -11. Let g = 18 + -11. Let i = h - g. Calculate the remainder when 31 is divided by i.
15
Let r(z) = -5*z**3 - 3*z**2 - 4*z + 3. What is the remainder when 98 is divided by r(-2)?
20
Suppose 580 = -r + 2*r + 5*f, 3*r - 4*f - 1835 = 0. Calculate the remainder when r is divided by 13.
7
Let w(v) = 3*v - 6. Let d be w(4). Let f(g) = -g**3 + 5*g**2 + 8*g - 6. Let u = 900 + -890. What is the remainder when u is divided by f(d)?
4
Suppose -10 = 3*n - 22. Suppose n*v + 14 = 134. What is the remainder when v is divided by 8?
6
What is the remainder when 85 is divided by 1/(116/32 + -4)*-3?
5
Let s(z) = -8 + 5*z + 8. Let c = 102 - 75. What is the remainder when c is divided by s(2)?
7
Suppose k = -q + 5, 11*q - 7*q - 20 = k. Let j(a) = -a**3 + 2*a**2 + 24*a - 11. Calculate the remainder when 169 is divided by j(q).
33
Suppose 36*t + 9 = 35*t. Suppose 0 = 3*s + 3*v - 6, 2*v + 10 = s + v. Calculate the remainder when 82 is divided by (s/t)/((-10)/315).
19
Let q = 56 - 29. What is the remainder when 104 is divided by q?
23
Suppose -5*l + w = -105, -4*l + 4*w - 5 + 73 = 0. Calculate the remainder when 64 is divided by l.
20
Let k(r) = 6*r + 59. What is the remainder when k(-5) is divided by 2?
1
Suppose 35*x + 880 = 57*x. What is the remainder when 68 is divided by x?
28
Suppose -12 = -3*z, 3*z + 0*z - 15 = -3*x. Calculate the remainder when 55 is divided by x.
0
Let o = 377 - 697. What is the remainder when 24 is divided by (-3)/(-15) + o/(-25)?
11
Suppose 0 = y + 2*p - 1 - 36, -3*y + 108 = 3*p. Calculate the remainder when 89 is divided by y.
19
Let j(v) = 42*v - 500. What is the remainder when 36 is divided by j(12)?
0
Let f = -65 + 67. Suppose -249 = q - 2*q - f*p, 0 = -2*q - p + 513. Calculate the remainder when q is divided by 29.
27
Let f be (20/30)/((-2)/(-12)). Suppose d - f = -0*d. What is the remainder when 11 is divided by d?
3
Let g(h) = 7*h**3 - h**2 - 5. Suppose 2*p = d - 34, 0 = -0*d + 4*d - 2*p - 106. What is the remainder when g(2) is divided by (d/(-15))/((-12)/90)?
11
Let p(d) = d**2 + 2*d - 5. Calculate the remainder when 19 is divided by p(2).
1
Let y = 242 + -155. Calculate the remainder when y is divided by 47.
40
Let x = -85 + 88. Let y(b) = 2*b - 2. Let q be y(3). Suppose -c + h = -22, -x*c + 5*c - q*h = 36. What is the remainder when c is divided by 15?
11
Let d = 266 - 257. Calculate the remainder when 43 is divided by d.
7
Suppose -4*h - 2*m + 127 = -155, -5*m = -h + 54. Let b = -191 - -201. Calculate the remainder when h is divided by b.
9
Suppose 3*w - j - 338 = 0, -9*j = -w - 10*j + 118. What is the remainder when w is divided by 42?
30
Let f(d) = d**2 + 0*d + 2*d**2 - 2*d + 6*d**2. Let g be f(2). Suppose g = 4*o - 96. What is the remainder when o is divided by 17?
15
Suppose -5*n - 3*m + 5*m + 815 = 0, 0 = -5*n - m + 800. What is the remainder when n is divided by 41?
38
Let n(q) = 2*q - 22. Let